hat is the tens digit of 1080504?
0
What is the hundreds digit of 1456542?
5
What is the tens digit of 4129090?
9
What is the thousands digit of 31762602?
2
What is the ten thousands digit of 2757823?
5
What is the tens digit of 2444?
4
What is the thousands digit of 424113?
4
What is the ten millions digit of 25187879?
2
What is the millions digit of 3258897?
3
What is the ten thousands digit of 3640580?
4
What is the ten thousands digit of 339210?
3
What is the tens digit of 278869?
6
What is the hundred thousands digit of 198913?
1
What is the millions digit of 6350367?
6
What is the hundreds digit of 203802?
8
What is the tens digit of 3642056?
5
What is the millions digit of 1569111?
1
What is the hundreds digit of 2417278?
2
What is the hundred thousands digit of 3537588?
5
What is the ten thousands digit of 446706?
4
What is the ten thousands digit of 1710271?
1
What is the ten thousands digit of 18349836?
4
What is the hundreds digit of 193532?
5
What is the thousands digit of 17224068?
4
What is the thousands digit of 53127?
3
What is the hundred thousands digit of 12836140?
8
What is the thousands digit of 6740482?
0
What is the thousands digit of 3161922?
1
What is the ten thousands digit of 1144239?
4
What is the thousands digit of 239293?
9
What is the tens digit of 465461?
6
What is the hundred thousands digit of 197295?
1
What is the millions digit of 1933564?
1
What is the thousands digit of 2133389?
3
What is the thousands digit of 186255?
6
What is the tens digit of 564845?
4
What is the ten thousands digit of 536377?
3
What is the tens digit of 3803758?
5
What is the hundreds digit of 1605746?
7
What is the ten millions digit of 16254002?
1
What is the ten thousands digit of 18847?
1
What is the units digit of 708926?
6
What is the hundreds digit of 826680?
6
What is the hundred thousands digit of 16477028?
4
What is the units digit of 696279?
9
What is the hundred thousands digit of 4267703?
2
What is the hundred thousands digit of 28392920?
3
What is the tens digit of 140776?
7
What is the thousands digit of 1473041?
3
What is the hundred thousands digit of 183245?
1
What is the tens digit of 962307?
0
What is the hundreds digit of 102172?
1
What is the ten thousands digit of 472940?
7
What is the hundreds digit of 227940?
9
What is the tens digit of 584890?
9
What is the ten thousands digit of 21540?
2
What is the hundred thousands digit of 769449?
7
What is the hundreds digit of 67731?
7
What is the ten thousands digit of 138849?
3
What is the thousands digit of 1045948?
5
What is the thousands digit of 11141461?
1
What is the hundred thousands digit of 270383?
2
What is the ten thousands digit of 246772?
4
What is the tens digit of 250083?
8
What is the millions digit of 1379787?
1
What is the hundred thousands digit of 119103?
1
What is the hundreds digit of 11088489?
4
What is the hundred thousands digit of 39506810?
5
What is the hundreds digit of 87758?
7
What is the units digit of 3616840?
0
What is the units digit of 4175384?
4
What is the hundreds digit of 1803116?
1
What is the ten thousands digit of 954650?
5
What is the tens digit of 15656722?
2
What is the thousands digit of 352518?
2
What is the units digit of 425782?
2
What is the hundred thousands digit of 815468?
8
What is the ten thousands digit of 599675?
9
What is the tens digit of 31749?
4
What is the thousands digit of 886171?
6
What is the hundreds digit of 3271027?
0
What is the hundred thousands digit of 383385?
3
What is the units digit of 137809?
9
What is the thousands digit of 65528?
5
What is the hundred thousands digit of 159463?
1
What is the hundred thousands digit of 2384549?
3
What is the hundreds digit of 191469?
4
What is the hundreds digit of 730901?
9
What is the millions digit of 1026199?
1
What is the hundred thousands digit of 187556?
1
What is the thousands digit of 16609983?
9
What is the units digit of 41245?
5
What is the ten thousands digit of 2554231?
5
What is the ten thousands digit of 293115?
9
What is the hundred thousands digit of 5886159?
8
What is the ten millions digit of 38984922?
3
What is the hundred thousands digit of 172364?
1
What is the hundreds digit of 1632708?
7
What is the thousands digit of 2503800?
3
What is the ten thousands digit of 92561?
9
What is the tens digit of 460802?
0
What is the thousands digit of 3845132?
5
What is the hundred thousands digit of 15205303?
2
What is the tens digit of 2922200?
0
What is the hundreds digit of 365663?
6
What is the units digit of 1282802?
2
What is the hundred thousands digit of 1839640?
8
What is the thousands digit of 4469982?
9
What is the thousands digit of 61699?
1
What is the ten thousands digit of 811938?
1
What is the tens digit of 23485745?
4
What is the units digit of 277925?
5
What is the hundreds digit of 9518800?
8
What is the ten thousands digit of 3386569?
8
What is the tens digit of 303795?
9
What is the thousands digit of 21263317?
3
What is the ten thousands digit of 5250136?
5
What is the units digit of 25220?
0
What is the hundred thousands digit of 1733780?
7
What is the millions digit of 1635177?
1
What is the units digit of 409635?
5
What is the millions digit of 30234746?
0
What is the hundred thousands digit of 1063969?
0
What is the units digit of 10069025?
5
What is the hundred thousands digit of 309761?
3
What is the tens digit of 8479375?
7
What is the ten thousands digit of 16369909?
6
What is the tens digit of 165376?
7
What is the units digit of 243885?
5
What is the tens digit of 107036?
3
What is the units digit of 146707?
7
What is the hundreds digit of 639394?
3
What is the ten thousands digit of 3063006?
6
What is the hundred thousands digit of 4349918?
3
What is the ten thousands digit of 445383?
4
What is the units digit of 239228?
8
What is the hundred thousands digit of 842214?
8
What is the ten thousands digit of 9084030?
8
What is the millions digit of 4414688?
4
What is the millions digit of 2906071?
2
What is the ten thousands digit of 155416?
5
What is the ten thousands digit of 543769?
4
What is the tens digit of 11542165?
6
What is the ten thousands digit of 156897?
5
What is the tens digit of 1046508?
0
What is the thousands digit of 24287914?
7
What is the ten thousands digit of 1480300?
8
What is the hundred thousands digit of 136624?
1
What is the hundreds digit of 14218379?
3
What is the hundreds digit of 714403?
4
What is the hundreds digit of 4234281?
2
What is the units digit of 270778?
8
What is the hundreds digit of 267089?
0
What is the thousands digit of 627691?
7
What is the units digit of 837600?
0
What is the ten thousands digit of 5400624?
0
What is the ten thousands digit of 1290689?
9
What is the tens digit of 7802126?
2
What is the units digit of 5594695?
5
What is the ten thousands digit of 13160214?
6
What is the units digit of 18234262?
2
What is the units digit of 8184306?
6
What is the units digit of 28190173?
3
What is the hundred thousands digit of 101074?
1
What is the hundred thousands digit of 1930850?
9
What is the ten thousands digit of 2123543?
2
What is the tens digit of 478720?
2
What is the hundred thousands digit of 9045403?
0
What is the hundreds digit of 9484620?
6
What is the ten thousands digit of 14887072?
8
What is the hundreds digit of 228044?
0
What is the millions digit of 17994162?
7
What is the millions digit of 10116151?
0
What is the millions digit of 9238363?
9
What is the thousands digit of 625103?
5
What is the units digit of 277078?
8
What is the thousands digit of 230815?
0
What is the ten thousands digit of 2112971?
1
What is the hundreds digit of 8513218?
2
What is the thousands digit of 2008688?
8
What is the tens digit of 176449?
4
What is the hundred thousands digit of 237265?
2
What is the hundreds digit of 6308117?
1
What is the hundreds digit of 5423518?
5
What is the units digit of 1260958?
8
What is the tens digit of 23769373?
7
What is the hundred thousands digit of 1415133?
4
What is the tens digit of 413031?
3
What is the hundred thousands digit of 14666644?
6
What is the units digit of 323468?
8
What is the hundred thousands digit of 503039?
5
What is the hundred thousands digit of 583501?
5
What is the thousands digit of 762989?
2
What is the